- 106013?
-105563
In base 10, what is 2171280 - 21?
2171259
In base 15, what is 0 - -2670bc?
2670bc
In base 14, what is 24ba7 + 4?
24bab
In base 12, what is 35a538 + -a4?
35a454
In base 14, what is -3 - -ab75c5?
ab75c2
In base 7, what is -4033006 - 26?
-4033035
In base 16, what is 296f8 - -3?
296fb
In base 3, what is -101 + 1220101220210?
1220101220102
In base 9, what is -2 + -1855550?
-1855552
In base 7, what is -50054306 - -3?
-50054303
In base 9, what is 2522 - -73831?
76453
In base 7, what is -3 - 111552405?
-111552411
In base 12, what is 62460463 + 1?
62460464
In base 9, what is -184 + 1003?
708
In base 3, what is 2212 - -20020211200101?
20020211210020
In base 6, what is -11012 + -1220452?
-1231504
In base 5, what is -3 + 233413104002?
233413103444
In base 16, what is 71 + -7879?
-7808
In base 16, what is b - 8c0a9d?
-8c0a92
In base 10, what is 1044 + -16655?
-15611
In base 6, what is 104512 - 4505?
100003
In base 14, what is -487 - -13c61?
137b8
In base 10, what is 15 + 6603397?
6603412
In base 15, what is -39b7 - -11c?
-389a
In base 12, what is 6a - -39a29?
39a97
In base 15, what is -3304 - 1518?
-481c
In base 14, what is -d1 + -37695?
-37786
In base 9, what is -65 - -354420?
354344
In base 11, what is -10984700 - -7?
-109846a4
In base 5, what is 12141230204 + -4?
12141230200
In base 10, what is -8874 + 12151?
3277
In base 16, what is -25864a - 1e?
-258668
In base 14, what is -2d5 - 52bd7?
-530cc
In base 2, what is 1100111100010101110001111 - 100?
1100111100010101110001011
In base 2, what is 1101 - -11010100101101011001010?
11010100101101011010111
In base 8, what is -4 + 435571774?
435571770
In base 8, what is -231 - -1302760?
1302527
In base 12, what is -1a + 2417886?
2417868
In base 5, what is 330214032111 + 0?
330214032111
In base 7, what is -3236 + 30305?
24036
In base 2, what is -10001011011011100 - 0?
-10001011011011100
In base 16, what is 3 - 481062?
-48105f
In base 3, what is -11101221002021 + 1002?
-11101221001012
In base 3, what is -1120 + 112221220110010?
112221220101120
In base 8, what is 5050 + -2301367?
-2274317
In base 8, what is -17117241 + -23?
-17117264
In base 7, what is 404564 + -404?
404160
In base 7, what is 5231 + -1220?
4011
In base 10, what is 92 - 92793?
-92701
In base 5, what is -42224 - -1131402?
1034123
In base 16, what is -47d4f43 - 1?
-47d4f44
In base 12, what is 4 - -b666077?
b66607b
In base 7, what is -3 - 366422?
-366425
In base 13, what is -2 - -301c678?
301c676
In base 9, what is -3 - -88351387?
88351384
In base 15, what is 6057aea - -1?
6057aeb
In base 15, what is 5c - 18ca3?
-18c46
In base 13, what is -38b71 + -24?
-38b95
In base 2, what is -110110 + -10010000001101010?
-10010000010100000
In base 5, what is 11412410101244 - -2?
11412410101301
In base 12, what is 2a18 + -138b?
1649
In base 7, what is -16405535 - 10?
-16405545
In base 4, what is 1 + -113122133233?
-113122133232
In base 7, what is -3 - -2005310615?
2005310612
In base 7, what is 100344 - 1540?
65504
In base 15, what is -b3606 + -70?
-b3676
In base 6, what is 20002140 - -1352?
20003532
In base 14, what is b - 39209b6?
-39209a9
In base 12, what is -181083 - -8?
-181077
In base 6, what is 15205 + 303343?
322552
In base 10, what is -1551 - 272?
-1823
In base 10, what is 30 + -1406100?
-1406070
In base 9, what is 651468053 + -2?
651468051
In base 5, what is 10011410 + 31040?
10043000
In base 2, what is 1101111101011110101110101100 + -101?
1101111101011110101110100111
In base 7, what is 13 - 1055442512?
-1055442466
In base 2, what is 101001101 + -11001010011110?
-11000101010001
In base 15, what is 2a + ba0cb?
ba106
In base 9, what is -1 - -81625247?
81625246
In base 7, what is 10 + 113006553?
113006563
In base 11, what is a39544 - -a7?
a39640
In base 2, what is -11 - -10111000101101100000010?
10111000101101011111111
In base 5, what is 1201012434 - 3?
1201012431
In base 13, what is -7 - -5432016?
543200c
In base 13, what is -14c7b19 - 4?
-14c7b20
In base 7, what is 334 + 131?
465
In base 6, what is 2 + 101124222431?
101124222433
In base 6, what is 230230 + 3303?
233533
In base 13, what is 1091ac - b?
1091a1
In base 5, what is 10 - 212221413?
-212221403
In base 9, what is -70 + 1587332?
1587252
In base 16, what is -13e9 + b3c?
-8ad
In base 3, what is -11011010 - 1221011?
-20002021
In base 8, what is -1 + 1725356?
1725355
In base 11, what is -46658a6 + 5?
-46658a1
In base 8, what is 61506 + -6775?
52511
In base 3, what is -2001 - 1101100001?
-1101102002
In base 11, what is -23557 + -165?
-23711
In base 15, what is -2d - -bde19?
bdddb
In base 11, what is 42098279 + -5?
42098274
In base 5, what is 10031032432 - -3?
10031032440
In base 5, what is -1 - -3031122301?
3031122300
In base 6, what is -34212055135 + 0?
-34212055135
In base 12, what is -84 + 1134138?
1134074
In base 12, what is 895705 + a?
895713
In base 7, what is -5305 + -606?
-6214
In base 16, what is -117406 + -6?
-11740c
In base 8, what is 4515 + -564405?
-557670
In base 5, what is -20 - 12243140234?
-12243140304
In base 9, what is -1 + 43501410?
43501408
In base 3, what is 12 + 100021222221110?
100021222221122
In base 9, what is 411 + -1008488?
-1008077
In base 14, what is -3 - 1316bdc?
-1316c01
In base 16, what is 4 - -5bf1d35?
5bf1d39
In base 7, what is -4351 + 311055?
303404
In base 5, what is 10401142 - 102211?
10243431
In base 4, what is 113123132 + 32132?
113221330
In base 9, what is 3 - 1760344?
-1760341
In base 9, what is 35 - -566583?
566628
In base 8, what is 217672 - 174?
217476
In base 3, what is -10100 + 100110222121?
100110212021
In base 14, what is 27 + -101d00?
-101cb7
In base 8, what is -223 - 15560?
-16003
In base 2, what is 1101101011010 - 111001000110?
110100010100
In base 15, what is -3400c - 60?
-3406c
In base 8, what is 10 + 4266225?
4266235
In base 9, what is 8254404 - -30?
8254434
In base 2, what is 100110001 + 1001111001000010010?
1001111001101000011
In base 12, what is 2 + 1b968b?
1b9691
In base 7, what is 55434 - 4103?
51331
In base 6, what is -14051421011 + 11?
-14051421000
In base 5, what is 3 + -331110030?
-331110022
In base 8, what is -552523 - 2?
-552525
In base 2, what is -1001001 + -11111110100100001?
-11111110101101010
In base 12, what is 5408431 + 3?
5408434
In base 2, what is 10100100010 + -11001110001?
-101001111
In base 7, what is -11431423 - 22?
-11431445
In base 3, what is 221110202000 - 10?
221110201220
In base 12, what is 2808 - -215?
2a21
In base 16, what is 6365a - 293?
633c7
In base 10, what is 2943422 + 7?
2943429
In base 15, what is 1d95925 + -1?
1d95924
In base 3, what is 12122111 - 2201010?
2221101
In base 11, what is 114a2 - -286a9?
3a0a0
In base 16, what is 1 - 7f9922?
-7f9921
In base 10, what is 797944 + 8?
797952
In base 15, what is 507 - -908?
e10
In base 9, what is -3460 + 110?
-3350
In base 4, what is 113111200 + 1110233?
120222033
In base 7, what is 143660 - -216114?
363104
In base 12, what is -4284a - -4542?
-3a308
In base 3, what is -10201111012022221 + 20?
-10201111012022201
In base 3, what is 2001211220211 + 1?
2001211220212
In base 11, what is -3 + 10a913a6?
10a913a3
In base 8, what is -6077021 - -5?
-6077014
In base 5, what is 12111242001 - 11?
12111241440
In base 12, what is 8b42 + 286?
9208
In base 11, what is -183a22731 - 0?
-183a22731
In base 6, what is -1 - -344023422?
344023421
In base 14, what is -4 - 21c5585?
-21c5589
In base 2, what is -110110100101001101000100 + 10011?
-110110100101001100110001
In base 5, what is 12440442431 + -2?
12440442424
In base 9, what is -64188 + -520?
-64718
In base 16, what is -224 - -289bc?
28798
In base 6, what is -132233350 - 2000?
-132235350
In base 12, what is 138 - -315a67?
315ba3
In base 14, what is -1d5bd3 - d2?
-1d5cc5
In base 13, what is -87aa + -cc0?
-979a
In base 13, what is -7 - 2c01c9?
-2c0203
In base 3, what is 2021212001222102 + 2?
2021212001222111
In base 7, what is -1 + -16454341?
-16454342
In base 6, what is 354150 + -1425?
352321
In base 13, what is 8a8 - -81a1?
8a79
In base 2, what is 10010010010 + 1011100101101?
1101110111111
In base 13, what is 2300 + 193?
2493
In base 16, what is 14a4ca - -eb?
14a5b5
In base 2, what is 11011 - 110000110001000010001?
-110000110000111110110
In base 15, what is 26b8311 - -7?
26b8318
In base 16, what is ed51 + 1ca?
ef1b
In base